{"id":79,"date":"2018-11-28T12:19:41","date_gmt":"2018-11-28T12:19:41","guid":{"rendered":"https:\/\/hu.hustedt-online.de\/?page_id=79"},"modified":"2018-11-28T12:20:34","modified_gmt":"2018-11-28T12:20:34","slug":"doko-februar-2016","status":"publish","type":"page","link":"https:\/\/hustedt-online.de\/?page_id=79","title":{"rendered":"DoKo Februar 2016"},"content":{"rendered":"<table width=\"638\">\n<tbody>\n<tr>\n<td colspan=\"8\" width=\"638\"><strong>Preisdoppelkopf Sch\u00fctzenverein Hustedt 21.02.2016<\/strong><\/td>\n<\/tr>\n<tr>\n<td><\/td>\n<td><\/td>\n<td><\/td>\n<td><\/td>\n<td><\/td>\n<td><\/td>\n<td><\/td>\n<td><\/td>\n<\/tr>\n<tr>\n<td>Platz<\/td>\n<td>Nr.<\/td>\n<td>Vorname<\/td>\n<td>Nachname<\/td>\n<td>1<\/td>\n<td>2<\/td>\n<td>3<\/td>\n<td>Gesamt<\/td>\n<\/tr>\n<tr>\n<td>1<\/td>\n<td>25<\/td>\n<td>G\u00fcnter<\/td>\n<td>Weilke<\/td>\n<td>38<\/td>\n<td>24<\/td>\n<td>77<\/td>\n<td>139<\/td>\n<\/tr>\n<tr>\n<td>2<\/td>\n<td>2<\/td>\n<td>llse<\/td>\n<td>Friedrichs<\/td>\n<td>34<\/td>\n<td>43<\/td>\n<td>48<\/td>\n<td>125<\/td>\n<\/tr>\n<tr>\n<td>3<\/td>\n<td>44<\/td>\n<td>Heribert<\/td>\n<td>Schmidt<\/td>\n<td>34<\/td>\n<td>46<\/td>\n<td>36<\/td>\n<td>116<\/td>\n<\/tr>\n<tr>\n<td>4<\/td>\n<td>42<\/td>\n<td>Friedrich<\/td>\n<td>W\u00e4tje<\/td>\n<td>53<\/td>\n<td>37<\/td>\n<td>26<\/td>\n<td>116<\/td>\n<\/tr>\n<tr>\n<td>5<\/td>\n<td>35<\/td>\n<td>Anita<\/td>\n<td>L\u00f6hmann<\/td>\n<td>29<\/td>\n<td>31<\/td>\n<td>54<\/td>\n<td>114<\/td>\n<\/tr>\n<tr>\n<td>6<\/td>\n<td>1<\/td>\n<td>Lothar<\/td>\n<td>Heuermann<\/td>\n<td>57<\/td>\n<td>32<\/td>\n<td>24<\/td>\n<td>113<\/td>\n<\/tr>\n<tr>\n<td>7<\/td>\n<td>21<\/td>\n<td>Hans-Hermann<\/td>\n<td>B\u00f6sche<\/td>\n<td>48<\/td>\n<td>26<\/td>\n<td>37<\/td>\n<td>111<\/td>\n<\/tr>\n<tr>\n<td>8<\/td>\n<td>39<\/td>\n<td>Annette<\/td>\n<td>Bauer<\/td>\n<td>41<\/td>\n<td>35<\/td>\n<td>35<\/td>\n<td>111<\/td>\n<\/tr>\n<tr>\n<td>9<\/td>\n<td>48<\/td>\n<td>Michael<\/td>\n<td>Wojack<\/td>\n<td>43<\/td>\n<td>29<\/td>\n<td>37<\/td>\n<td>109<\/td>\n<\/tr>\n<tr>\n<td>10<\/td>\n<td>37<\/td>\n<td>Fritz<\/td>\n<td>Stru\u00df<\/td>\n<td>27<\/td>\n<td>19<\/td>\n<td>61<\/td>\n<td>107<\/td>\n<\/tr>\n<tr>\n<td>11<\/td>\n<td>5<\/td>\n<td>Manfred<\/td>\n<td>Panse<\/td>\n<td>48<\/td>\n<td>38<\/td>\n<td>17<\/td>\n<td>103<\/td>\n<\/tr>\n<tr>\n<td>12<\/td>\n<td>6<\/td>\n<td>Eduard<\/td>\n<td>Hammermeister<\/td>\n<td>54<\/td>\n<td>15<\/td>\n<td>33<\/td>\n<td>102<\/td>\n<\/tr>\n<tr>\n<td>13<\/td>\n<td>10<\/td>\n<td>Werner<\/td>\n<td>Asendorf<\/td>\n<td>35<\/td>\n<td>42<\/td>\n<td>22<\/td>\n<td>99<\/td>\n<\/tr>\n<tr>\n<td>14<\/td>\n<td>50<\/td>\n<td>Hermann<\/td>\n<td>Wulfers<\/td>\n<td>30<\/td>\n<td>28<\/td>\n<td>40<\/td>\n<td>98<\/td>\n<\/tr>\n<tr>\n<td>15<\/td>\n<td>36<\/td>\n<td>Hans-Hermann<\/td>\n<td>Wolf<\/td>\n<td>14<\/td>\n<td>47<\/td>\n<td>37<\/td>\n<td>98<\/td>\n<\/tr>\n<tr>\n<td>16<\/td>\n<td>46<\/td>\n<td>Henry<\/td>\n<td>Brinkmann<\/td>\n<td>50<\/td>\n<td>11<\/td>\n<td>34<\/td>\n<td>95<\/td>\n<\/tr>\n<tr>\n<td>17<\/td>\n<td>15<\/td>\n<td>Arthur<\/td>\n<td>H\u00fcbner<\/td>\n<td>13<\/td>\n<td>39<\/td>\n<td>42<\/td>\n<td>94<\/td>\n<\/tr>\n<tr>\n<td>18<\/td>\n<td>22<\/td>\n<td>Dirk<\/td>\n<td>Steinke<\/td>\n<td>27<\/td>\n<td>27<\/td>\n<td>40<\/td>\n<td>94<\/td>\n<\/tr>\n<tr>\n<td>19<\/td>\n<td>13<\/td>\n<td>G\u00fcnther<\/td>\n<td>Zitnik<\/td>\n<td>20<\/td>\n<td>32<\/td>\n<td>41<\/td>\n<td>93<\/td>\n<\/tr>\n<tr>\n<td>20<\/td>\n<td>29<\/td>\n<td>Werner<\/td>\n<td>Radeke<\/td>\n<td>33<\/td>\n<td>28<\/td>\n<td>32<\/td>\n<td>93<\/td>\n<\/tr>\n<tr>\n<td>21<\/td>\n<td>20<\/td>\n<td>Johann<\/td>\n<td>Wurthmann<\/td>\n<td>35<\/td>\n<td>26<\/td>\n<td>31<\/td>\n<td>92<\/td>\n<\/tr>\n<tr>\n<td>22<\/td>\n<td>38<\/td>\n<td>Helmut<\/td>\n<td>Meyer<\/td>\n<td>26<\/td>\n<td>26<\/td>\n<td>39<\/td>\n<td>91<\/td>\n<\/tr>\n<tr>\n<td>23<\/td>\n<td>14<\/td>\n<td>Peter<\/td>\n<td>Koszunowski<\/td>\n<td>28<\/td>\n<td>30<\/td>\n<td>33<\/td>\n<td>91<\/td>\n<\/tr>\n<tr>\n<td>24<\/td>\n<td>24<\/td>\n<td>J\u00fcrgen<\/td>\n<td>Rickens<\/td>\n<td>28<\/td>\n<td>34<\/td>\n<td>29<\/td>\n<td>91<\/td>\n<\/tr>\n<tr>\n<td>25<\/td>\n<td>11<\/td>\n<td>Siegrfried<\/td>\n<td>Zitnik<\/td>\n<td>46<\/td>\n<td>29<\/td>\n<td>15<\/td>\n<td>90<\/td>\n<\/tr>\n<tr>\n<td>26<\/td>\n<td>30<\/td>\n<td>Heinfried<\/td>\n<td>Rippe<\/td>\n<td>24<\/td>\n<td>39<\/td>\n<td>26<\/td>\n<td>89<\/td>\n<\/tr>\n<tr>\n<td>27<\/td>\n<td>28<\/td>\n<td>Ewald<\/td>\n<td>Radeke<\/td>\n<td>22<\/td>\n<td>36<\/td>\n<td>30<\/td>\n<td>88<\/td>\n<\/tr>\n<tr>\n<td>28<\/td>\n<td>33<\/td>\n<td>Gerhard<\/td>\n<td>Asendorf<\/td>\n<td>42<\/td>\n<td>20<\/td>\n<td>25<\/td>\n<td>87<\/td>\n<\/tr>\n<tr>\n<td>29<\/td>\n<td>45<\/td>\n<td>Susanne<\/td>\n<td>Brinkmann<\/td>\n<td>41<\/td>\n<td>29<\/td>\n<td>17<\/td>\n<td>87<\/td>\n<\/tr>\n<tr>\n<td>30<\/td>\n<td>43<\/td>\n<td>Henry<\/td>\n<td>Habekost<\/td>\n<td>30<\/td>\n<td>19<\/td>\n<td>37<\/td>\n<td>86<\/td>\n<\/tr>\n<tr>\n<td>31<\/td>\n<td>47<\/td>\n<td>Chris<\/td>\n<td>B\u00f6ttcher<\/td>\n<td>30<\/td>\n<td>32<\/td>\n<td>23<\/td>\n<td>85<\/td>\n<\/tr>\n<tr>\n<td>32<\/td>\n<td>8<\/td>\n<td>Kurt<\/td>\n<td>Kieselbach<\/td>\n<td>33<\/td>\n<td>34<\/td>\n<td>18<\/td>\n<td>85<\/td>\n<\/tr>\n<tr>\n<td>33<\/td>\n<td>26<\/td>\n<td>J\u00fcrgen<\/td>\n<td>Wachendorf<\/td>\n<td>14<\/td>\n<td>21<\/td>\n<td>48<\/td>\n<td>83<\/td>\n<\/tr>\n<tr>\n<td>34<\/td>\n<td>12<\/td>\n<td>Werner<\/td>\n<td>Evers<\/td>\n<td>31<\/td>\n<td>29<\/td>\n<td>23<\/td>\n<td>83<\/td>\n<\/tr>\n<tr>\n<td>35<\/td>\n<td>17<\/td>\n<td>Siegrfried<\/td>\n<td>Schmidt<\/td>\n<td>33<\/td>\n<td>30<\/td>\n<td>20<\/td>\n<td>83<\/td>\n<\/tr>\n<tr>\n<td>36<\/td>\n<td>19<\/td>\n<td>Marlene<\/td>\n<td>Hespenheide<\/td>\n<td>24<\/td>\n<td>25<\/td>\n<td>31<\/td>\n<td>80<\/td>\n<\/tr>\n<tr>\n<td>37<\/td>\n<td>34<\/td>\n<td>Mark<\/td>\n<td>L\u00f6hmann<\/td>\n<td>31<\/td>\n<td>23<\/td>\n<td>26<\/td>\n<td>80<\/td>\n<\/tr>\n<tr>\n<td>38<\/td>\n<td>32<\/td>\n<td>Hans-Hermann<\/td>\n<td>Meyer<\/td>\n<td>32<\/td>\n<td>30<\/td>\n<td>18<\/td>\n<td>80<\/td>\n<\/tr>\n<tr>\n<td>39<\/td>\n<td>9<\/td>\n<td>Wolfgang<\/td>\n<td>Schotte<\/td>\n<td>24<\/td>\n<td>30<\/td>\n<td>25<\/td>\n<td>79<\/td>\n<\/tr>\n<tr>\n<td>40<\/td>\n<td>3<\/td>\n<td>Eckardt<\/td>\n<td>Schwenger<\/td>\n<td>19<\/td>\n<td>25<\/td>\n<td>34<\/td>\n<td>78<\/td>\n<\/tr>\n<tr>\n<td>41<\/td>\n<td>40<\/td>\n<td>Carsten<\/td>\n<td>Meyer<\/td>\n<td>17<\/td>\n<td>31<\/td>\n<td>29<\/td>\n<td>77<\/td>\n<\/tr>\n<tr>\n<td>42<\/td>\n<td>23<\/td>\n<td>Werner<\/td>\n<td>True<\/td>\n<td>19<\/td>\n<td>34<\/td>\n<td>21<\/td>\n<td>74<\/td>\n<\/tr>\n<tr>\n<td>43<\/td>\n<td>41<\/td>\n<td>Britta<\/td>\n<td>Mesenbring<\/td>\n<td>32<\/td>\n<td>18<\/td>\n<td>22<\/td>\n<td>72<\/td>\n<\/tr>\n<tr>\n<td>44<\/td>\n<td>49<\/td>\n<td>Heinrich<\/td>\n<td>Tobeck<\/td>\n<td>31<\/td>\n<td>23<\/td>\n<td>18<\/td>\n<td>72<\/td>\n<\/tr>\n<tr>\n<td>45<\/td>\n<td>27<\/td>\n<td>Fietze<\/td>\n<td>Meyer<\/td>\n<td>38<\/td>\n<td>18<\/td>\n<td>15<\/td>\n<td>71<\/td>\n<\/tr>\n<tr>\n<td>46<\/td>\n<td>7<\/td>\n<td>Adolf<\/td>\n<td>Logies<\/td>\n<td>2<\/td>\n<td>49<\/td>\n<td>18<\/td>\n<td>69<\/td>\n<\/tr>\n<tr>\n<td>47<\/td>\n<td>4<\/td>\n<td>Dietmar<\/td>\n<td>Bartschat<\/td>\n<td>7<\/td>\n<td>36<\/td>\n<td>24<\/td>\n<td>67<\/td>\n<\/tr>\n<tr>\n<td>48<\/td>\n<td>16<\/td>\n<td>Franz<\/td>\n<td>Rippke<\/td>\n<td>21<\/td>\n<td>28<\/td>\n<td>16<\/td>\n<td>65<\/td>\n<\/tr>\n<tr>\n<td>49<\/td>\n<td>31<\/td>\n<td>Hannelore<\/td>\n<td>Rippe<\/td>\n<td>22<\/td>\n<td>20<\/td>\n<td>21<\/td>\n<td>63<\/td>\n<\/tr>\n<tr>\n<td>50<\/td>\n<td>18<\/td>\n<td>Inge<\/td>\n<td>Schr\u00f6der<\/td>\n<td>12<\/td>\n<td>21<\/td>\n<td>12<\/td>\n<td>45<\/td>\n<\/tr>\n<\/tbody>\n<\/table>\n","protected":false},"excerpt":{"rendered":"<p>Preisdoppelkopf Sch\u00fctzenverein Hustedt 21.02.2016 Platz Nr. Vorname Nachname 1 2 3 Gesamt 1 25 G\u00fcnter Weilke 38 24 77 139 2 2 llse Friedrichs 34 43 48 125 3 44 Heribert Schmidt 34 46 36 116 4 42 Friedrich W\u00e4tje 53 37 26 116 5 35 Anita L\u00f6hmann 29 31 54 114 6 1 Lothar &hellip; <\/p>\n<p class=\"link-more\"><a href=\"https:\/\/hustedt-online.de\/?page_id=79\" class=\"more-link\"><span class=\"screen-reader-text\">\u201eDoKo Februar 2016\u201c<\/span> weiterlesen<\/a><\/p>\n","protected":false},"author":1,"featured_media":0,"parent":38,"menu_order":0,"comment_status":"closed","ping_status":"closed","template":"","meta":{"footnotes":""},"class_list":["post-79","page","type-page","status-publish","hentry"],"_links":{"self":[{"href":"https:\/\/hustedt-online.de\/index.php?rest_route=\/wp\/v2\/pages\/79","targetHints":{"allow":["GET"]}}],"collection":[{"href":"https:\/\/hustedt-online.de\/index.php?rest_route=\/wp\/v2\/pages"}],"about":[{"href":"https:\/\/hustedt-online.de\/index.php?rest_route=\/wp\/v2\/types\/page"}],"author":[{"embeddable":true,"href":"https:\/\/hustedt-online.de\/index.php?rest_route=\/wp\/v2\/users\/1"}],"replies":[{"embeddable":true,"href":"https:\/\/hustedt-online.de\/index.php?rest_route=%2Fwp%2Fv2%2Fcomments&post=79"}],"version-history":[{"count":1,"href":"https:\/\/hustedt-online.de\/index.php?rest_route=\/wp\/v2\/pages\/79\/revisions"}],"predecessor-version":[{"id":81,"href":"https:\/\/hustedt-online.de\/index.php?rest_route=\/wp\/v2\/pages\/79\/revisions\/81"}],"up":[{"embeddable":true,"href":"https:\/\/hustedt-online.de\/index.php?rest_route=\/wp\/v2\/pages\/38"}],"wp:attachment":[{"href":"https:\/\/hustedt-online.de\/index.php?rest_route=%2Fwp%2Fv2%2Fmedia&parent=79"}],"curies":[{"name":"wp","href":"https:\/\/api.w.org\/{rel}","templated":true}]}}